Suppose k - w*o - 10 = 0, -5*o - 30 = -2*k - 3*k. What is the units digit of k?
5
Let r(d) = d**2 - 8*d - 26. What is the units digit of r(11)?
7
Let s = 16 + -9. Suppose s*r = 6*r + 5. What is the units digit of r?
5
Let f(q) = 3*q + 1. Let u be f(-2). Let p be -2 + u/((-5)/2). What is the units digit of 2 + (p - 0 - -6)?
8
Let m = -21 + 13. Let q = m - -14. What is the units digit of q?
6
Let i(p) = p - 1. Let u be i(6). Suppose 2*y - 5*n + 14 = y, 0 = -n + u. Let w = y + -9. What is the units digit of w?
2
What is the tens digit of 189/6 + (-2)/(-4)?
3
Let r = -26 + 17. Let g(b) = b**3 + 10*b**2 + 8*b + 2. What is the units digit of g(r)?
1
Let u(o) = -o**2 + o - 16. Let c be u(7). Let r = 108 + c. What is the units digit of r?
0
What is the hundreds digit of ((-2)/(-6))/((-7)/14)*-240?
1
Let x be ((-13)/(-26))/(2/48). Suppose -3*i - 5*n + 16 = 0, 3*n - 2 - 4 = 0. Suppose 5*p - 6 = 14, 0 = -4*t - i*p + x. What is the units digit of t?
1
Let v = 60 + 100. What is the units digit of v?
0
Let b(w) = 4*w**3 - w**2 - 2*w - 1. Let u(o) = o - 1. Let k be u(3). Let v be b(k). Suppose 0 = -3*q + 7 + v. What is the units digit of q?
0
Let c(o) = o - 6. Let n be c(9). Suppose -15 = -n*d + 3*k, 7 = 5*d + 3*k + k. Suppose -3*l - 10 + 1 = d*x, -2*l = -3*x - 14. What is the units digit of l?
1
Let i(t) = -t**3 - 5*t**2 + 7*t - 4. Let l = -8 - -1. What is the tens digit of i(l)?
4
Let p = 5 - 3. Let q(r) = r**3 - 1. What is the units digit of q(p)?
7
Let i = 3 + 10. Suppose z - 7 = i. Suppose 14 = -2*s - 5*m, 4*s = 3*m + z + 4. What is the units digit of s?
3
Suppose 5*r = -0*i + 2*i + 1821, -4*i - 375 = -r. What is the units digit of r?
3
What is the units digit of 65/91 + 2/7?
1
Suppose 12 = 2*v + 2. Suppose -4*a = m - 13, 2*a + v = -5*m - 20. Let o = m + 10. What is the units digit of o?
3
Let l(v) = 3*v**2 - 2*v - 1. Suppose -c - 2*c - 1 = -q, -5*q = 25. Let h be l(c). Suppose 3*y = -0*z + z + 21, -2*y = -z - h. What is the units digit of y?
6
Let l = 90 - 34. What is the units digit of l?
6
Let c = -23 - -13. Let h = c - -15. Suppose -7 = -4*n - 3*i + 2*i, h*n + 4*i = 17. What is the units digit of n?
1
Let o(f) = f**2 - 4*f - 1. Let x be o(5). Suppose 0 = x*p - 3*p - 5. What is the units digit of 4/(-10)*-1*p?
2
Let j(s) = -s**3 + 5*s**2 + 8*s. What is the units digit of j(6)?
2
Let j = 42 + -19. What is the units digit of j?
3
Let v be (6/5)/(15/50). Suppose 0 = -g + 2 + v. What is the units digit of (-2 + 14)/(g/4)?
8
Let w = -10 - -14. Suppose 0 = -5*o - 2*i + 95, 7 + 13 = w*i. What is the tens digit of o?
1
Let i(z) = 3*z**2 - 3*z - 2. Let w(o) = 2*o**2 + 5*o + 5. Let n be w(-2). What is the units digit of i(n)?
6
Suppose -16*x + 465 = -11*x. What is the units digit of x?
3
Let b be 1*3 - (-13 - -3). Suppose -25 = -0*l - 4*l + r, 0 = l - 3*r + 2. Suppose -l = n - 5*i, 2*n - n + 5*i = b. What is the units digit of n?
3
Suppose -2 = 2*y - 3*y. What is the units digit of ((-4)/y + 1)*-2?
2
Let v(f) = 2*f + 143. What is the units digit of v(0)?
3
Let g = -1 - -6. Suppose g*n = 4*n + 10. What is the tens digit of n?
1
Suppose 3*g - 5 = 5*k, -g + 5*g = -3*k - 3. Let j = g - -2. What is the units digit of (2/(-5))/(j/(-20))?
4
Suppose 9 = -2*j + 39. What is the units digit of j?
5
Suppose 0 = 4*c - 0*q + q - 156, -3*c - 2*q + 122 = 0. What is the units digit of c?
8
Let w = 1 + -4. Let n = -3 - w. Suppose 5*o + n*a + 2*a = 29, -2*a + 1 = o. What is the units digit of o?
7
Suppose 0 = 5*g + 5*l - 15, -3*l - 3 = 2*g - 6. What is the units digit of g?
6
Let f be (1 + -3)/(2/16). What is the units digit of (-24)/f + (-2)/4?
1
Let a(x) = x**2 + 7*x + 1. Let s be a(-6). Let t = 4 + s. What is the units digit of 87/9 + t/(-3)?
0
Let a(u) = 21*u**2 - 2*u - 1. Let p be a(-1). Suppose -2*i - 4*q + p = q, 0 = 2*q. What is the tens digit of i?
1
Suppose -20*r = -17*r - 129. What is the units digit of r?
3
Let p = -8 - -10. What is the units digit of (2/(-5))/(p/(-30))?
6
Suppose -3*d = -8*d + 100. Let h = -5 + 9. What is the units digit of (5/h)/(5/d)?
5
Suppose 3*t - 5*v = 6*t - 74, 4*v = -2*t + 52. Suppose 5*y - 240 = -y. Let k = y - t. What is the units digit of k?
2
Let u(x) be the second derivative of x**4/12 - 5*x**3/3 + 9*x**2/2 + x. Let j(n) = 3*n + 1. Let v be j(3). What is the units digit of u(v)?
9
What is the units digit of (-4)/(-8)*(-3 - -157)?
7
Let s(q) = q**3 + 7*q**2 - 2*q + 3. Let g = 3 + -10. Let d be s(g). Suppose 0 + 4 = 4*h, 5*k + 2*h - d = 0. What is the units digit of k?
3
Let s(u) = -u**3 - 7*u**2 - 2*u - 11. What is the units digit of s(-8)?
9
Let q(c) = c - 1. Let k be q(6). Suppose -36 = -k*l + 29. What is the units digit of l?
3
Suppose 6*t - 378 = -t. What is the units digit of t?
4
Let r be (-1 - 4/6)*-3. Let d(f) = f**3 - 6*f**2 + 7*f - 4. Let l be d(r). Suppose 0 = 3*q - 9 - l. What is the units digit of q?
5
Let z(a) = a - 21. Let j be z(0). Let y = 29 + j. What is the units digit of y?
8
What is the tens digit of (-888)/(-28) + (-2)/(-7)?
3
Suppose 3*w = 7*w + 56. What is the units digit of (-6)/(-14) - 456/w?
3
Let x = -26 + 82. What is the tens digit of x?
5
Let g = 1 + 26. Let j = -19 + g. Let t = j + -3. What is the units digit of t?
5
Let b(q) = -q**2 + q - 1. Let i be b(5). Let u = -7 - i. What is the tens digit of u?
1
Let t be -9 + 1 + 0 + -1. What is the units digit of (-2 + t/(-6))*-18?
9
Suppose 78 = h + h. What is the units digit of h?
9
Suppose -4*o + a = 6*a - 828, 2*a - 621 = -3*o. Suppose -o = -3*d - 60. What is the tens digit of d?
4
Let z = -197 - -451. What is the tens digit of z?
5
Suppose -3*r + 11 = -10. Let x = 18 - r. Suppose 2*o = o + x. What is the units digit of o?
1
Let g(p) be the third derivative of 1/24*p**4 + 0 - p**2 + 1/6*p**3 + 0*p. What is the units digit of g(0)?
1
Suppose 4*q = -5*a + 72, -q - 3*a + 27 = -4*a. What is the units digit of q?
3
Let n be (1/3)/(1/12). Suppose n*p - 7 = 1. Suppose 0*q + 13 = m + 3*q, m = p*q - 2. What is the units digit of m?
4
Let q = -212 - -324. What is the tens digit of q?
1
Suppose -4*i - 3*f = -12, 2*i + 3*f = f + 4. What is the units digit of i?
6
Suppose i + 5*f - 6 = 0, -3*i - 2*f = -4*f - 1. What is the units digit of (4/8)/(i/14)?
7
Let b(i) = 9*i. Let a be b(2). Let k = -12 + a. What is the tens digit of (-81)/(-6) - k/(-4)?
1
Let k(x) = -x**3 - 4*x**2 + 6*x. Let s be k(-5). Let r(i) = i**3 + 5*i**2 + 3*i + 4. Let z be r(-4). Let a = z + s. What is the units digit of a?
3
Let o(u) = 7*u**2 + 492 - 500 + u**3 - 13*u + 2*u**2. What is the units digit of o(-10)?
2
Let h = -5 + 5. Let c = h + 3. What is the units digit of c?
3
Let p be -1 - 3*1/(-1). Let q be p/(-3)*(-15)/(-10). What is the units digit of 2 - (-1 - 0)*q?
1
Let g(b) = 40*b**2 - 3*b - 3. What is the hundreds digit of g(2)?
1
Suppose -30 + 90 = 2*c. Suppose -x - 5*v = 0, -x = -4*x - 5*v + c. What is the tens digit of x?
1
Let k(d) = d**3 + 5*d**2 - d. Suppose 2*z = -2*z - 16. What is the tens digit of k(z)?
2
Let q be (1/1)/(9/(-414)). Let t = q + 79. What is the units digit of t?
3
Suppose -3*k = -0*k - 4*i - 223, 3*k + 5*i - 268 = 0. Suppose 4*o - k = -5*v, -o + 3*o + 5*v = 43. What is the tens digit of o?
1
Let a = -65 - -139. Suppose 5*q = -4 + a. What is the tens digit of q?
1
Let j = -66 - -105. What is the units digit of j?
9
Suppose 4*g - g - 99 = 0. What is the tens digit of g?
3
Suppose 5*s - 12*s + 1631 = 0. What is the units digit of s?
3
What is the units digit of (-14)/35 + 94/10?
9
Let o be ((-8)/(-6))/((-3)/99). Let r = o + 62. What is the units digit of r?
8
Let y be (-15)/(-2)*(-2)/(-1). Let f = 27 - y. What is the units digit of f?
2
Let x be (-8)/3*(-3)/2. Suppose -x*v + 63 = 11. Suppose 0 = g - v. What is the tens digit of g?
1
Let k = 9 + -4. Suppose 3*b + 2*y - y - 61 = 0, -2*b + 32 = k*y. Suppose 3*t - b = -0*t. What is the units digit of t?
7
Let u(l) = l - 2. Let c be u(6). What is the units digit of (-225)/(-33) - c/(-22)?
7
Let w = -2 - -6. Suppose 0 = 3*a + 2*c, 2*c = 3*a + a. Let x = w + a. What is the units digit of x?
4
Let j = -106 - -202. What is the units digit of j?
6
Suppose -5*r - 3 = 4*y + 17, 5*y + r + 4 = 0. Suppose -3*a + 7 = 1. Suppose c + l - 12 = y, -3*c - 4*l + 31 = -a*l. What is the units digit of c?
7
Let k(n) = 12*n**2 - n - 4. What is the